ppose 0 = 5*d - 12*d + 1113. List the prime factors of d.
3, 53
Suppose -k + d + 22 = -14, 0 = k - 2*d - 32. List the prime factors of k.
2, 5
Let m = 299 + -127. What are the prime factors of m?
2, 43
List the prime factors of (-478)/(-6) + (-8)/12.
79
Suppose -3*v = -81 - 66. List the prime factors of v.
7
Let v be (-4)/(-28) - 1/7. Suppose 5*u - 94 + 4 = v. List the prime factors of u.
2, 3
Let t be (4/(-1))/((-2)/5). Suppose 2*a - 14 = t. Suppose -16 = -4*y + 2*h, -2*h + 6*h = -2*y - a. List the prime factors of y.
2
Suppose 31 = 4*p - 1. Suppose -2*g = -4*g + p. List the prime factors of g.
2
Let a be (-1)/2*(-5 + -3). Let g be (2 - (-19 + 2))*1. Suppose -17 = -a*d + g. List the prime factors of d.
3
Let h(x) = -x**3 - x**2 + 36. List the prime factors of h(0).
2, 3
Let n be 2/(-3)*6/(-4). Suppose -5*y - n + 136 = 0. What are the prime factors of y?
3
What are the prime factors of -3*86/6*-1?
43
Suppose 2*x - 2*n - 77 = 5*x, 4*x = -4*n - 100. Let f = x + 81. What are the prime factors of f?
2, 3
Let o = 24 - 19. Suppose 38 = r + 4*q + o, -5*q = 5*r - 120. List the prime factors of r.
3, 7
Suppose 4*r - 4*n = -68, -2*r = -0*n + n + 22. Let u = -9 - r. Suppose -2*p + u = -p. List the prime factors of p.
2
What are the prime factors of 100/(-5)*(-9)/2?
2, 3, 5
Let s be (-2)/3 - (-26)/3. What are the prime factors of (s/5)/(6/15)?
2
Suppose -2*x + 8*l + 152 = 3*l, 0 = -3*x - l + 194. What are the prime factors of x?
2, 3, 11
Suppose 40 = 5*z - 4*m, 0*z + 3*z + 13 = -5*m. Let w(j) = j + 5. Let q be w(-5). Let f = q + z. List the prime factors of f.
2
Suppose 0 = -6*o + 2*o + 20. Suppose -o*k - 15 = -4*y, -2 + 5 = -k - 5*y. List the prime factors of (9/5)/(k/(-15)).
3
Suppose 16*p = 11*p + 1125. What are the prime factors of p?
3, 5
Suppose h - 32 = -3*h. List the prime factors of h.
2
Suppose 4*p + j + 1 + 24 = 0, 4*j = 3*p + 33. Let l = -2 - p. Suppose -31 = -4*o - 2*g + 5, l*o + 2*g = 44. List the prime factors of o.
2
Let d(a) = -a**2 - 14*a + 7. What are the prime factors of d(-9)?
2, 13
Suppose 0 = 5*m - 62 + 12. Let l(y) = y**2 + 4*y - 3. Let x be l(-9). Suppose m = 4*i - x. What are the prime factors of i?
13
Let i(o) = o**3 - 2*o**2 - o - 4. Let a be i(3). Let w be (-33)/(-2) - (-1)/a. List the prime factors of (-2)/3 - w/(-3).
5
Let r = -43 + 73. Suppose -r = -2*p + 20. What are the prime factors of p?
5
Let b(l) = -3*l + 3. Let w(j) = j - 1. Let p(g) = -6*b(g) - 17*w(g). What are the prime factors of p(8)?
7
Suppose 2 = -2*h - 5*t - 4, 0 = 5*h - t + 15. Let i = h + 2. Let j = 10 + i. What are the prime factors of j?
3
Let n(r) = r**2 + 5*r. What are the prime factors of n(5)?
2, 5
Suppose 4*f - 4 = 2*n + 12, -f = 3*n - 18. Let k = 10 - f. What are the prime factors of k?
2
Let y(v) = -v**2 + 6*v + 1. Let l = 12 - 7. Let q be y(l). Suppose i + 3*p - q = -2*i, 0 = -4*i - p + 23. What are the prime factors of i?
7
Suppose -2*r + 38 = l - 13, -2*l + 78 = 3*r. List the prime factors of r.
2, 3
Let p(b) = -b - 5. Let t be p(-4). Let x = t + 6. Suppose x*g - 3*f = 0, 0*f = -5*g + 4*f - 5. What are the prime factors of g?
3
Let g = 10 - -2. Suppose -a + 5*a - g = 0. List the prime factors of a.
3
Suppose 4*j + 44 = 5*l + 280, -4*l = 5*j - 254. List the prime factors of j.
2, 3
Let r(k) = k**3 + 13*k**2 - k - 13. Let a be r(-13). Suppose a = -2*h + 8 + 4. What are the prime factors of h?
2, 3
Let a be (-76 + 1)*4/(-6). Let o = -34 + a. List the prime factors of o.
2
Let m(r) = -16*r + 1. List the prime factors of m(-2).
3, 11
Suppose 5*m + 25 = -20. What are the prime factors of ((-24)/m)/(2/6)?
2
Suppose -183 = -2*k - 4*o + 69, k - 144 = 4*o. What are the prime factors of k?
2, 3, 11
Let b be (-8)/14 - (-224)/49. Suppose 0 = 4*t - i - 7, 3*t - 3*i + 2 + 4 = 0. Suppose -t*y + 42 = -3*p, -2*y - b*p + 72 = 2*y. List the prime factors of y.
2
Suppose -z + 490 = 4*z. Suppose -4*p + 2*l = -z, 76 = 5*p + 3*l - 63. List the prime factors of p.
2, 13
Let p be ((-10)/6)/(1/(-3)). Suppose 3*x = -4*v - 2*x - 3, -p*x - 15 = 0. Suppose 0*u = -v*u + 27. List the prime factors of u.
3
Suppose 3*o - 2*o = 4*m - 40, 2*m - 5*o - 20 = 0. Let i = m - 3. List the prime factors of i.
7
Suppose w + 2 = 1. Let r be (w*(-26 + 3))/1. Let v = r + -9. List the prime factors of v.
2, 7
Suppose 14 = 2*t - 0. Suppose 5*o = 22 - t. What are the prime factors of o?
3
Let t(f) = f - 2. Suppose 5*c - 30 = -0*c. List the prime factors of t(c).
2
Suppose -3*l = -3*r - 9, 3*r - 1 = l - 0*r. Suppose -79 = l*f + 3*v, -3*v = -7*v - 12. Let p = -2 - f. List the prime factors of p.
2, 3
Let f(j) = j - 4. Suppose 4*b - w = 18, -4*b - 2*w = -6 - 18. Let a be f(b). Let d = 6 - a. What are the prime factors of d?
5
Let r = -8 + 8. Suppose 4 = -r*g + 2*g. List the prime factors of g.
2
Suppose -2*d + 60 = -d - 2*k, -3*k = 5*d - 235. Suppose 6*j - j = d. List the prime factors of 56/10 + 4/j.
2, 3
Let h = 2 + -1. Let a(r) = -r - 8. Let d(l) = 2*l + 7. Let g(u) = 6*a(u) + 7*d(u). List the prime factors of g(h).
3
Let l(s) be the third derivative of -s**6/60 - s**5/20 - s**4/12 + s**3/3 - 8*s**2. List the prime factors of l(-2).
2, 5
Let r(t) = -t**3 + 5*t**2 - 2*t + 9. Let s(o) = -o**3 + 4*o**2 - o + 8. Let h(z) = 4*r(z) - 5*s(z). Let x be 1/(-4) + 13/4. What are the prime factors of h(x)?
2, 7
Let o be -6 + 2/(0 - 1). Let z(n) = n**2 + 6*n - 1. What are the prime factors of z(o)?
3, 5
Suppose -f = -4 + 3. Suppose -f = -2*t + 9. Let x = t - 3. What are the prime factors of x?
2
Suppose -4*m - 77 = c, 4*c - 52 = 4*m - 0*m. Let z = m + 31. What are the prime factors of z?
13
Suppose 4*q + 2 = 5*q. Let b(v) = v**q - 5*v - v - 7 + 3*v. What are the prime factors of b(5)?
3
Let p(t) = 2*t**2 + 5 + t**3 - t - 5. Let r be p(-2). Suppose -29 = -r*b - 5. List the prime factors of b.
2, 3
Suppose 2*h + 2 = 14. Let w be 9/(-6)*(-4)/3. Suppose -h*d = -w*d - 40. What are the prime factors of d?
2, 5
Let p be 2*((-5)/2)/(-5). Let h be (-2 - p)/((-3)/10). Suppose 4*j = -3*l - 3, 2*j - h = -3*j - l. What are the prime factors of j?
3
Let n(p) = 5*p - 20. List the prime factors of n(14).
2, 5
Suppose 3*n - 24 + 9 = -r, -5*r + 2*n + 160 = 0. Let a = 42 - r. List the prime factors of a.
2, 3
Let d(i) = i + 2. Let c be d(-2). Let a be (-3)/2*24/9. Let n = c - a. List the prime factors of n.
2
List the prime factors of 36*8*15/20.
2, 3
Suppose 0 = -2*z - 3*q - 1 + 16, -17 = -3*z + q. Let h = 0 + 2. List the prime factors of (z/(-21))/(h/(-14)).
2
Suppose -4 = 2*j, j = 2*h - 5*h + 871. Suppose -h = -4*d - 99. List the prime factors of d.
2, 3
Let b(p) = p - 9 + 6 - 1 - 1. Let l be -12*(-2)/15*5. What are the prime factors of b(l)?
3
Suppose 4*m + 2*f = -3*f - 12, 4*f + 16 = 0. Suppose -o = m*o. Suppose o = -2*p + 2*q + 2, 5*q - 4 = p + p. List the prime factors of p.
3
What are the prime factors of (0 + 85 - 2) + (4 - 1)?
2, 43
Let i = 0 + 2. Suppose i*k + 12 = l, -l - 3 = -2*k + 3*k. Suppose 5 = l*m - 7. List the prime factors of m.
2, 3
Let f(s) = 1 - 2 + 1 + 3*s. What are the prime factors of f(3)?
3
Let j(v) = 2*v - 7. Let p be j(8). Let l = -7 + p. List the prime factors of l.
2
Let i be 0/(1 + 0 + -2). Let d(x) = i*x - 2 + x**3 + x + x. List the prime factors of d(2).
2, 5
Let p = -50 + 84. List the prime factors of p.
2, 17
Let q(a) = -a**2 - a + 10. Let h(z) = 3*z**2 + 4*z - 29. Let s(l) = -4*h(l) - 11*q(l). Suppose -n = 9 - 4. What are the prime factors of s(n)?
2, 3
Suppose 2*b = -5 + 21. Let j = b + -6. List the prime factors of j.
2
Let s(k) = k**3 + 9*k**2 - 7*k - 40. List the prime factors of s(-9).
23
Let m(v) = v**2 - 8*v. Let r be m(5). Let n(a) = -2*a - 10. List the prime factors of n(r).
2, 5
Let r(y) = 6*y**2 - y. Let z(m) = 5*m + 7. Let f(g) = 11*g + 15. Let t(j) = 4*f(j) - 9*z(j). Let n be t(-4). List the prime factors of r(n).
5
Suppose 0 = 2*w - 3*w. Let g = -17 - -10. Let x = w - g. List the prime factors of x.
7
Suppose -4*i = -13 - 3. Suppose i*o = -c + 6*c + 49, 3*o = -2*c + 31. What are the prime factors of o?
11
Suppose 0*q + 5*q - 730 = 0. What are the prime factors of q?
2, 73
Let t be 130/15 + 2/(-3). Let d(f) = f**2 + f + 5. Let w be d(0). Suppose -t = -w*r + r. List the prime factors of r.
2
Suppose -13 = -2*o - b, -4*o - 5*b + 27 + 8 = 0. Suppose -4*x - o*z = -6*z - 144, 2